{"id":2458,"date":"2024-05-07T08:08:08","date_gmt":"2024-05-07T11:08:08","guid":{"rendered":"https:\/\/rioservicosmedicos.superclinicas.com.br\/preparo-anuscopia-copy\/"},"modified":"2026-01-10T17:46:48","modified_gmt":"2026-01-10T20:46:48","slug":"preparo-prova-de-funcao-pulmonar","status":"publish","type":"page","link":"https:\/\/wpt-kvry.186-209-113-107.cpanel.site\/?page_id=2458","title":{"rendered":"Preparo Prova de Fun\u00e7\u00e3o Pulmonar"},"content":{"rendered":"\t\t<div data-elementor-type=\"wp-page\" data-elementor-id=\"2458\" class=\"elementor elementor-2458\" data-elementor-post-type=\"page\">\n\t\t\t\t\t\t<section class=\"elementor-section elementor-top-section elementor-element elementor-element-a4cc47c elementor-section-boxed elementor-section-height-default elementor-section-height-default\" data-id=\"a4cc47c\" data-element_type=\"section\" data-e-type=\"section\" data-settings=\"{&quot;background_background&quot;:&quot;classic&quot;}\">\n\t\t\t\t\t\t<div class=\"elementor-container elementor-column-gap-default\">\n\t\t\t\t\t<div class=\"elementor-column elementor-col-100 elementor-top-column elementor-element elementor-element-9ce0072\" data-id=\"9ce0072\" data-element_type=\"column\" data-e-type=\"column\">\n\t\t\t<div class=\"elementor-widget-wrap elementor-element-populated\">\n\t\t\t\t\t\t<div class=\"elementor-element elementor-element-7b85ca5 elementor-widget elementor-widget-heading\" data-id=\"7b85ca5\" data-element_type=\"widget\" data-e-type=\"widget\" data-widget_type=\"heading.default\">\n\t\t\t\t<div class=\"elementor-widget-container\">\n\t\t\t\t\t<h2 class=\"elementor-heading-title elementor-size-default\">INSTRU\u00c7\u00c3O DE PREPARO<\/h2>\t\t\t\t<\/div>\n\t\t\t\t<\/div>\n\t\t\t\t<div class=\"elementor-element elementor-element-da0a718 elementor-widget elementor-widget-text-editor\" data-id=\"da0a718\" data-element_type=\"widget\" data-e-type=\"widget\" data-widget_type=\"text-editor.default\">\n\t\t\t\t<div class=\"elementor-widget-container\">\n\t\t\t\t\t\t\t\t\tProva de Fun\u00e7\u00e3o Pulmonar\t\t\t\t\t\t\t\t<\/div>\n\t\t\t\t<\/div>\n\t\t\t\t\t<\/div>\n\t\t<\/div>\n\t\t\t\t\t<\/div>\n\t\t<\/section>\n\t\t\t\t<section class=\"elementor-section elementor-top-section elementor-element elementor-element-ef1abfe elementor-section-boxed elementor-section-height-default elementor-section-height-default\" data-id=\"ef1abfe\" data-element_type=\"section\" data-e-type=\"section\" data-settings=\"{&quot;background_background&quot;:&quot;classic&quot;}\">\n\t\t\t\t\t\t<div class=\"elementor-container elementor-column-gap-default\">\n\t\t\t\t\t<div class=\"elementor-column elementor-col-100 elementor-top-column elementor-element elementor-element-1b29855\" data-id=\"1b29855\" data-element_type=\"column\" data-e-type=\"column\">\n\t\t\t<div class=\"elementor-widget-wrap elementor-element-populated\">\n\t\t\t\t\t\t<div class=\"elementor-element elementor-element-c05c27b elementor-widget elementor-widget-text-editor\" data-id=\"c05c27b\" data-element_type=\"widget\" data-e-type=\"widget\" data-widget_type=\"text-editor.default\">\n\t\t\t\t<div class=\"elementor-widget-container\">\n\t\t\t\t\t\t\t\t\t<p>Dia do Exame<\/p>\t\t\t\t\t\t\t\t<\/div>\n\t\t\t\t<\/div>\n\t\t\t\t<div class=\"elementor-element elementor-element-65d9f8b elementor-widget elementor-widget-text-editor\" data-id=\"65d9f8b\" data-element_type=\"widget\" data-e-type=\"widget\" data-widget_type=\"text-editor.default\">\n\t\t\t\t<div class=\"elementor-widget-container\">\n\t\t\t\t\t\t\t\t\t<p>&#8211; Fazer alimenta\u00e7\u00e3o leve at\u00e9 2 horas antes do exame.<\/p><p>&#8211; PROIBIDO tomar ch\u00e1 e caf\u00e9.\u00a0<\/p><p>&#8211; PROIBIDO o uso de quaisquer medica\u00e7\u00f5es para o pulm\u00e3o, tais como broncodilatadores em comprimido, nem \u201cbombinha\u201d com Berotec, Aerolin ou similar.<\/p><p>&#8211; N\u00e3o fumar neste dia.<\/p><p>-Trazer pedido m\u00e9dico carimbado e assinado pelo m\u00e9dico. Para conv\u00eanios e cart\u00f5es de descontos, se necess\u00e1rio, trazer guia de autoriza\u00e7\u00e3o endere\u00e7ada para Rio Servi\u00e7os M\u00e9dicos, carteirinha e documento com foto.<\/p><p>&#8211; N\u00e3o h\u00e1 necessidade de acompanhante.<\/p>\t\t\t\t\t\t\t\t<\/div>\n\t\t\t\t<\/div>\n\t\t\t\t\t<\/div>\n\t\t<\/div>\n\t\t\t\t\t<\/div>\n\t\t<\/section>\n\t\t\t\t<section class=\"elementor-section elementor-top-section elementor-element elementor-element-50e7249 elementor-section-height-min-height elementor-section-boxed elementor-section-height-default elementor-section-items-middle\" data-id=\"50e7249\" data-element_type=\"section\" data-e-type=\"section\" data-settings=\"{&quot;background_background&quot;:&quot;classic&quot;}\">\n\t\t\t\t\t\t\t<div class=\"elementor-background-overlay\"><\/div>\n\t\t\t\t\t\t\t<div class=\"elementor-container elementor-column-gap-default\">\n\t\t\t\t\t<div class=\"elementor-column elementor-col-50 elementor-top-column elementor-element elementor-element-5ad7a18\" data-id=\"5ad7a18\" data-element_type=\"column\" data-e-type=\"column\">\n\t\t\t<div class=\"elementor-widget-wrap elementor-element-populated\">\n\t\t\t\t\t\t<div class=\"elementor-element elementor-element-9cf68f2 elementor-widget elementor-widget-heading\" data-id=\"9cf68f2\" data-element_type=\"widget\" data-e-type=\"widget\" data-widget_type=\"heading.default\">\n\t\t\t\t<div class=\"elementor-widget-container\">\n\t\t\t\t\t<h2 class=\"elementor-heading-title elementor-size-default\">Solicite seu atendimento com hora marcada<\/h2>\t\t\t\t<\/div>\n\t\t\t\t<\/div>\n\t\t\t\t<div class=\"elementor-element elementor-element-0c3b1f9 elementor-widget elementor-widget-text-editor\" data-id=\"0c3b1f9\" data-element_type=\"widget\" data-e-type=\"widget\" data-widget_type=\"text-editor.default\">\n\t\t\t\t<div class=\"elementor-widget-container\">\n\t\t\t\t\t\t\t\t\tEntre em contato e fale conosco\t\t\t\t\t\t\t\t<\/div>\n\t\t\t\t<\/div>\n\t\t\t\t<div class=\"elementor-element elementor-element-5caabf6 elementor-align-center elementor-widget elementor-widget-button\" data-id=\"5caabf6\" data-element_type=\"widget\" data-e-type=\"widget\" data-widget_type=\"button.default\">\n\t\t\t\t<div class=\"elementor-widget-container\">\n\t\t\t\t\t\t\t\t\t<div class=\"elementor-button-wrapper\">\n\t\t\t\t\t<a class=\"elementor-button elementor-button-link elementor-size-md\" href=\"https:\/\/api.whatsapp.com\/send?phone=5511999002771&#038;text=Ol%C3%A1,%20venho%20do%20site%20e%20gostaria%20de%20esclarecer%20algumas%20d%C3%BAvidas\" target=\"_blank\">\n\t\t\t\t\t\t<span class=\"elementor-button-content-wrapper\">\n\t\t\t\t\t\t<span class=\"elementor-button-icon\">\n\t\t\t\t<i aria-hidden=\"true\" class=\"fab fa-whatsapp\"><\/i>\t\t\t<\/span>\n\t\t\t\t\t\t\t\t\t<span class=\"elementor-button-text\">Entre em contato pelo WhatsApp<\/span>\n\t\t\t\t\t<\/span>\n\t\t\t\t\t<\/a>\n\t\t\t\t<\/div>\n\t\t\t\t\t\t\t\t<\/div>\n\t\t\t\t<\/div>\n\t\t\t\t<div class=\"elementor-element elementor-element-5a00608 elementor-widget elementor-widget-text-editor\" data-id=\"5a00608\" data-element_type=\"widget\" data-e-type=\"widget\" data-widget_type=\"text-editor.default\">\n\t\t\t\t<div class=\"elementor-widget-container\">\n\t\t\t\t\t\t\t\t\tOu ligue para:\t\t\t\t\t\t\t\t<\/div>\n\t\t\t\t<\/div>\n\t\t\t\t<div class=\"elementor-element elementor-element-c17a1d1 elementor-widget elementor-widget-text-editor\" data-id=\"c17a1d1\" data-element_type=\"widget\" data-e-type=\"widget\" data-widget_type=\"text-editor.default\">\n\t\t\t\t<div class=\"elementor-widget-container\">\n\t\t\t\t\t\t\t\t\t(11) 4994-2385\t\t\t\t\t\t\t\t<\/div>\n\t\t\t\t<\/div>\n\t\t\t\t\t<\/div>\n\t\t<\/div>\n\t\t\t\t<div class=\"elementor-column elementor-col-50 elementor-top-column elementor-element elementor-element-79cd5fc\" data-id=\"79cd5fc\" data-element_type=\"column\" data-e-type=\"column\">\n\t\t\t<div class=\"elementor-widget-wrap elementor-element-populated\">\n\t\t\t\t\t\t<div class=\"elementor-element elementor-element-ec94f6a elementor-widget elementor-widget-image\" data-id=\"ec94f6a\" data-element_type=\"widget\" data-e-type=\"widget\" data-widget_type=\"image.default\">\n\t\t\t\t<div class=\"elementor-widget-container\">\n\t\t\t\t\t\t\t\t\t\t\t\t\t\t\t<img fetchpriority=\"high\" decoding=\"async\" width=\"480\" height=\"640\" src=\"https:\/\/wpt-kvry.186-209-113-107.cpanel.site\/wp-content\/uploads\/2024\/06\/recepcao.webp\" class=\"attachment-large size-large wp-image-2732\" alt=\"\" srcset=\"https:\/\/wpt-kvry.186-209-113-107.cpanel.site\/wp-content\/uploads\/2024\/06\/recepcao.webp 480w, https:\/\/wpt-kvry.186-209-113-107.cpanel.site\/wp-content\/uploads\/2024\/06\/recepcao-225x300.webp 225w\" sizes=\"(max-width: 480px) 100vw, 480px\" \/>\t\t\t\t\t\t\t\t\t\t\t\t\t\t\t<\/div>\n\t\t\t\t<\/div>\n\t\t\t\t\t<\/div>\n\t\t<\/div>\n\t\t\t\t\t<\/div>\n\t\t<\/section>\n\t\t\t\t<section class=\"elementor-section elementor-top-section elementor-element elementor-element-362a868 elementor-section-boxed elementor-section-height-default elementor-section-height-default\" data-id=\"362a868\" data-element_type=\"section\" data-e-type=\"section\" data-settings=\"{&quot;background_background&quot;:&quot;classic&quot;}\">\n\t\t\t\t\t\t<div class=\"elementor-container elementor-column-gap-default\">\n\t\t\t\t\t<div class=\"elementor-column elementor-col-100 elementor-top-column elementor-element elementor-element-901eba3\" data-id=\"901eba3\" data-element_type=\"column\" data-e-type=\"column\">\n\t\t\t<div class=\"elementor-widget-wrap elementor-element-populated\">\n\t\t\t\t\t\t<div class=\"elementor-element elementor-element-92e53e6 elementor-widget elementor-widget-heading\" data-id=\"92e53e6\" data-element_type=\"widget\" data-e-type=\"widget\" data-widget_type=\"heading.default\">\n\t\t\t\t<div class=\"elementor-widget-container\">\n\t\t\t\t\t<h2 class=\"elementor-heading-title elementor-size-default\">FA\u00c7A-NOS UMA VISiTA<\/h2>\t\t\t\t<\/div>\n\t\t\t\t<\/div>\n\t\t\t\t<div class=\"elementor-element elementor-element-125f082 elementor-widget elementor-widget-text-editor\" data-id=\"125f082\" data-element_type=\"widget\" data-e-type=\"widget\" data-widget_type=\"text-editor.default\">\n\t\t\t\t<div class=\"elementor-widget-container\">\n\t\t\t\t\t\t\t\t\tEntre em contato e agende seu exame\t\t\t\t\t\t\t\t<\/div>\n\t\t\t\t<\/div>\n\t\t\t\t<div class=\"elementor-element elementor-element-e3660bc gallery-spacing-custom elementor-widget elementor-widget-image-gallery\" data-id=\"e3660bc\" data-element_type=\"widget\" data-e-type=\"widget\" data-widget_type=\"image-gallery.default\">\n\t\t\t\t<div class=\"elementor-widget-container\">\n\t\t\t\t\t\t\t<div class=\"elementor-image-gallery\">\n\t\t\t<div id='gallery-1' class='gallery galleryid-2458 gallery-columns-3 gallery-size-full'><figure class='gallery-item'>\n\t\t\t<div class='gallery-icon landscape'>\n\t\t\t\t<img decoding=\"async\" width=\"640\" height=\"480\" src=\"https:\/\/wpt-kvry.186-209-113-107.cpanel.site\/wp-content\/uploads\/2024\/06\/clinica50.webp\" class=\"attachment-full size-full\" alt=\"\" srcset=\"https:\/\/wpt-kvry.186-209-113-107.cpanel.site\/wp-content\/uploads\/2024\/06\/clinica50.webp 640w, https:\/\/wpt-kvry.186-209-113-107.cpanel.site\/wp-content\/uploads\/2024\/06\/clinica50-300x225.webp 300w\" sizes=\"(max-width: 640px) 100vw, 640px\" \/>\n\t\t\t<\/div><\/figure><figure class='gallery-item'>\n\t\t\t<div class='gallery-icon landscape'>\n\t\t\t\t<img decoding=\"async\" width=\"640\" height=\"480\" src=\"https:\/\/wpt-kvry.186-209-113-107.cpanel.site\/wp-content\/uploads\/2024\/06\/clinica51.webp\" class=\"attachment-full size-full\" alt=\"\" srcset=\"https:\/\/wpt-kvry.186-209-113-107.cpanel.site\/wp-content\/uploads\/2024\/06\/clinica51.webp 640w, https:\/\/wpt-kvry.186-209-113-107.cpanel.site\/wp-content\/uploads\/2024\/06\/clinica51-300x225.webp 300w\" sizes=\"(max-width: 640px) 100vw, 640px\" \/>\n\t\t\t<\/div><\/figure><figure class='gallery-item'>\n\t\t\t<div class='gallery-icon landscape'>\n\t\t\t\t<img loading=\"lazy\" decoding=\"async\" width=\"640\" height=\"480\" src=\"https:\/\/wpt-kvry.186-209-113-107.cpanel.site\/wp-content\/uploads\/2024\/06\/clinica52.webp\" class=\"attachment-full size-full\" alt=\"\" srcset=\"https:\/\/wpt-kvry.186-209-113-107.cpanel.site\/wp-content\/uploads\/2024\/06\/clinica52.webp 640w, https:\/\/wpt-kvry.186-209-113-107.cpanel.site\/wp-content\/uploads\/2024\/06\/clinica52-300x225.webp 300w\" sizes=\"(max-width: 640px) 100vw, 640px\" \/>\n\t\t\t<\/div><\/figure><figure class='gallery-item'>\n\t\t\t<div class='gallery-icon landscape'>\n\t\t\t\t<img loading=\"lazy\" decoding=\"async\" width=\"640\" height=\"480\" src=\"https:\/\/wpt-kvry.186-209-113-107.cpanel.site\/wp-content\/uploads\/2024\/06\/clinica53.webp\" class=\"attachment-full size-full\" alt=\"\" srcset=\"https:\/\/wpt-kvry.186-209-113-107.cpanel.site\/wp-content\/uploads\/2024\/06\/clinica53.webp 640w, https:\/\/wpt-kvry.186-209-113-107.cpanel.site\/wp-content\/uploads\/2024\/06\/clinica53-300x225.webp 300w\" sizes=\"(max-width: 640px) 100vw, 640px\" \/>\n\t\t\t<\/div><\/figure><figure class='gallery-item'>\n\t\t\t<div class='gallery-icon landscape'>\n\t\t\t\t<img loading=\"lazy\" decoding=\"async\" width=\"640\" height=\"480\" src=\"https:\/\/wpt-kvry.186-209-113-107.cpanel.site\/wp-content\/uploads\/2024\/06\/clinica54.webp\" class=\"attachment-full size-full\" alt=\"\" srcset=\"https:\/\/wpt-kvry.186-209-113-107.cpanel.site\/wp-content\/uploads\/2024\/06\/clinica54.webp 640w, https:\/\/wpt-kvry.186-209-113-107.cpanel.site\/wp-content\/uploads\/2024\/06\/clinica54-300x225.webp 300w\" sizes=\"(max-width: 640px) 100vw, 640px\" \/>\n\t\t\t<\/div><\/figure><figure class='gallery-item'>\n\t\t\t<div class='gallery-icon landscape'>\n\t\t\t\t<img loading=\"lazy\" decoding=\"async\" width=\"640\" height=\"480\" src=\"https:\/\/wpt-kvry.186-209-113-107.cpanel.site\/wp-content\/uploads\/2024\/06\/clinica55.webp\" class=\"attachment-full size-full\" alt=\"\" srcset=\"https:\/\/wpt-kvry.186-209-113-107.cpanel.site\/wp-content\/uploads\/2024\/06\/clinica55.webp 640w, https:\/\/wpt-kvry.186-209-113-107.cpanel.site\/wp-content\/uploads\/2024\/06\/clinica55-300x225.webp 300w\" sizes=\"(max-width: 640px) 100vw, 640px\" \/>\n\t\t\t<\/div><\/figure>\n\t\t<\/div>\n\t\t<\/div>\n\t\t\t\t\t\t<\/div>\n\t\t\t\t<\/div>\n\t\t\t\t\t<\/div>\n\t\t<\/div>\n\t\t\t\t\t<\/div>\n\t\t<\/section>\n\t\t\t\t<\/div>\n\t\t","protected":false},"excerpt":{"rendered":"<p>INSTRU\u00c7\u00c3O DE PREPARO Prova de Fun\u00e7\u00e3o Pulmonar Dia do Exame &#8211; Fazer alimenta\u00e7\u00e3o leve at\u00e9 2 horas antes do exame. &#8211; PROIBIDO tomar ch\u00e1 e caf\u00e9.\u00a0 &#8211; PROIBIDO o uso de quaisquer medica\u00e7\u00f5es para o pulm\u00e3o, tais como broncodilatadores em comprimido, nem \u201cbombinha\u201d com Berotec, Aerolin ou similar. &#8211; N\u00e3o fumar neste dia. -Trazer pedido [&hellip;]<\/p>\n","protected":false},"author":1,"featured_media":0,"parent":0,"menu_order":0,"comment_status":"closed","ping_status":"closed","template":"","meta":{"footnotes":""},"class_list":["post-2458","page","type-page","status-publish","hentry"],"yoast_head":"<!-- This site is optimized with the Yoast SEO plugin v27.5 - https:\/\/yoast.com\/product\/yoast-seo-wordpress\/ -->\n<title>Preparo Prova de Fun\u00e7\u00e3o Pulmonar - Servi\u00e7os M\u00e9dicos<\/title>\n<meta name=\"robots\" content=\"noindex, follow, max-snippet:-1, max-image-preview:large, max-video-preview:-1\" \/>\n<meta property=\"og:locale\" content=\"pt_BR\" \/>\n<meta property=\"og:type\" content=\"article\" \/>\n<meta property=\"og:title\" content=\"Preparo Prova de Fun\u00e7\u00e3o Pulmonar - Servi\u00e7os M\u00e9dicos\" \/>\n<meta property=\"og:description\" content=\"INSTRU\u00c7\u00c3O DE PREPARO Prova de Fun\u00e7\u00e3o Pulmonar Dia do Exame &#8211; Fazer alimenta\u00e7\u00e3o leve at\u00e9 2 horas antes do exame. &#8211; PROIBIDO tomar ch\u00e1 e caf\u00e9.\u00a0 &#8211; PROIBIDO o uso de quaisquer medica\u00e7\u00f5es para o pulm\u00e3o, tais como broncodilatadores em comprimido, nem \u201cbombinha\u201d com Berotec, Aerolin ou similar. &#8211; N\u00e3o fumar neste dia. -Trazer pedido [&hellip;]\" \/>\n<meta property=\"og:url\" content=\"https:\/\/rioservicosmedicos.com.br\/?page_id=2458\" \/>\n<meta property=\"og:site_name\" content=\"Servi\u00e7os M\u00e9dicos\" \/>\n<meta property=\"article:modified_time\" content=\"2026-01-10T20:46:48+00:00\" \/>\n<meta property=\"og:image\" content=\"https:\/\/wpt-kvry.186-209-113-107.cpanel.site\/wp-content\/uploads\/2024\/06\/recepcao.webp\" \/>\n<meta name=\"twitter:card\" content=\"summary_large_image\" \/>\n<meta name=\"twitter:label1\" content=\"Est. tempo de leitura\" \/>\n\t<meta name=\"twitter:data1\" content=\"1 minuto\" \/>\n<script type=\"application\/ld+json\" class=\"yoast-schema-graph\">{\"@context\":\"https:\\\/\\\/schema.org\",\"@graph\":[{\"@type\":\"WebPage\",\"@id\":\"https:\\\/\\\/rioservicosmedicos.com.br\\\/?page_id=2458\",\"url\":\"https:\\\/\\\/rioservicosmedicos.com.br\\\/?page_id=2458\",\"name\":\"Preparo Prova de Fun\u00e7\u00e3o Pulmonar - Servi\u00e7os M\u00e9dicos\",\"isPartOf\":{\"@id\":\"https:\\\/\\\/rioservicosmedicos.com.br\\\/#website\"},\"primaryImageOfPage\":{\"@id\":\"https:\\\/\\\/rioservicosmedicos.com.br\\\/?page_id=2458#primaryimage\"},\"image\":{\"@id\":\"https:\\\/\\\/rioservicosmedicos.com.br\\\/?page_id=2458#primaryimage\"},\"thumbnailUrl\":\"https:\\\/\\\/wpt-kvry.186-209-113-107.cpanel.site\\\/wp-content\\\/uploads\\\/2024\\\/06\\\/recepcao.webp\",\"datePublished\":\"2024-05-07T11:08:08+00:00\",\"dateModified\":\"2026-01-10T20:46:48+00:00\",\"breadcrumb\":{\"@id\":\"https:\\\/\\\/rioservicosmedicos.com.br\\\/?page_id=2458#breadcrumb\"},\"inLanguage\":\"pt-BR\",\"potentialAction\":[{\"@type\":\"ReadAction\",\"target\":[\"https:\\\/\\\/rioservicosmedicos.com.br\\\/?page_id=2458\"]}]},{\"@type\":\"ImageObject\",\"inLanguage\":\"pt-BR\",\"@id\":\"https:\\\/\\\/rioservicosmedicos.com.br\\\/?page_id=2458#primaryimage\",\"url\":\"https:\\\/\\\/wpt-kvry.186-209-113-107.cpanel.site\\\/wp-content\\\/uploads\\\/2024\\\/06\\\/recepcao.webp\",\"contentUrl\":\"https:\\\/\\\/wpt-kvry.186-209-113-107.cpanel.site\\\/wp-content\\\/uploads\\\/2024\\\/06\\\/recepcao.webp\",\"width\":480,\"height\":640},{\"@type\":\"BreadcrumbList\",\"@id\":\"https:\\\/\\\/rioservicosmedicos.com.br\\\/?page_id=2458#breadcrumb\",\"itemListElement\":[{\"@type\":\"ListItem\",\"position\":1,\"name\":\"In\u00edcio\",\"item\":\"https:\\\/\\\/rioservicosmedicos.com.br\\\/\"},{\"@type\":\"ListItem\",\"position\":2,\"name\":\"Preparo Prova de Fun\u00e7\u00e3o Pulmonar\"}]},{\"@type\":\"WebSite\",\"@id\":\"https:\\\/\\\/rioservicosmedicos.com.br\\\/#website\",\"url\":\"https:\\\/\\\/rioservicosmedicos.com.br\\\/\",\"name\":\"Servi\u00e7os M\u00e9dicos\",\"description\":\"rioservicosmedicos.com.br\",\"potentialAction\":[{\"@type\":\"SearchAction\",\"target\":{\"@type\":\"EntryPoint\",\"urlTemplate\":\"https:\\\/\\\/rioservicosmedicos.com.br\\\/?s={search_term_string}\"},\"query-input\":{\"@type\":\"PropertyValueSpecification\",\"valueRequired\":true,\"valueName\":\"search_term_string\"}}],\"inLanguage\":\"pt-BR\"}]}<\/script>\n<!-- \/ Yoast SEO plugin. -->","yoast_head_json":{"title":"Preparo Prova de Fun\u00e7\u00e3o Pulmonar - Servi\u00e7os M\u00e9dicos","robots":{"index":"noindex","follow":"follow","max-snippet":"max-snippet:-1","max-image-preview":"max-image-preview:large","max-video-preview":"max-video-preview:-1"},"og_locale":"pt_BR","og_type":"article","og_title":"Preparo Prova de Fun\u00e7\u00e3o Pulmonar - Servi\u00e7os M\u00e9dicos","og_description":"INSTRU\u00c7\u00c3O DE PREPARO Prova de Fun\u00e7\u00e3o Pulmonar Dia do Exame &#8211; Fazer alimenta\u00e7\u00e3o leve at\u00e9 2 horas antes do exame. &#8211; PROIBIDO tomar ch\u00e1 e caf\u00e9.\u00a0 &#8211; PROIBIDO o uso de quaisquer medica\u00e7\u00f5es para o pulm\u00e3o, tais como broncodilatadores em comprimido, nem \u201cbombinha\u201d com Berotec, Aerolin ou similar. &#8211; N\u00e3o fumar neste dia. -Trazer pedido [&hellip;]","og_url":"https:\/\/rioservicosmedicos.com.br\/?page_id=2458","og_site_name":"Servi\u00e7os M\u00e9dicos","article_modified_time":"2026-01-10T20:46:48+00:00","og_image":[{"url":"https:\/\/wpt-kvry.186-209-113-107.cpanel.site\/wp-content\/uploads\/2024\/06\/recepcao.webp","type":"","width":"","height":""}],"twitter_card":"summary_large_image","twitter_misc":{"Est. tempo de leitura":"1 minuto"},"schema":{"@context":"https:\/\/schema.org","@graph":[{"@type":"WebPage","@id":"https:\/\/rioservicosmedicos.com.br\/?page_id=2458","url":"https:\/\/rioservicosmedicos.com.br\/?page_id=2458","name":"Preparo Prova de Fun\u00e7\u00e3o Pulmonar - Servi\u00e7os M\u00e9dicos","isPartOf":{"@id":"https:\/\/rioservicosmedicos.com.br\/#website"},"primaryImageOfPage":{"@id":"https:\/\/rioservicosmedicos.com.br\/?page_id=2458#primaryimage"},"image":{"@id":"https:\/\/rioservicosmedicos.com.br\/?page_id=2458#primaryimage"},"thumbnailUrl":"https:\/\/wpt-kvry.186-209-113-107.cpanel.site\/wp-content\/uploads\/2024\/06\/recepcao.webp","datePublished":"2024-05-07T11:08:08+00:00","dateModified":"2026-01-10T20:46:48+00:00","breadcrumb":{"@id":"https:\/\/rioservicosmedicos.com.br\/?page_id=2458#breadcrumb"},"inLanguage":"pt-BR","potentialAction":[{"@type":"ReadAction","target":["https:\/\/rioservicosmedicos.com.br\/?page_id=2458"]}]},{"@type":"ImageObject","inLanguage":"pt-BR","@id":"https:\/\/rioservicosmedicos.com.br\/?page_id=2458#primaryimage","url":"https:\/\/wpt-kvry.186-209-113-107.cpanel.site\/wp-content\/uploads\/2024\/06\/recepcao.webp","contentUrl":"https:\/\/wpt-kvry.186-209-113-107.cpanel.site\/wp-content\/uploads\/2024\/06\/recepcao.webp","width":480,"height":640},{"@type":"BreadcrumbList","@id":"https:\/\/rioservicosmedicos.com.br\/?page_id=2458#breadcrumb","itemListElement":[{"@type":"ListItem","position":1,"name":"In\u00edcio","item":"https:\/\/rioservicosmedicos.com.br\/"},{"@type":"ListItem","position":2,"name":"Preparo Prova de Fun\u00e7\u00e3o Pulmonar"}]},{"@type":"WebSite","@id":"https:\/\/rioservicosmedicos.com.br\/#website","url":"https:\/\/rioservicosmedicos.com.br\/","name":"Servi\u00e7os M\u00e9dicos","description":"rioservicosmedicos.com.br","potentialAction":[{"@type":"SearchAction","target":{"@type":"EntryPoint","urlTemplate":"https:\/\/rioservicosmedicos.com.br\/?s={search_term_string}"},"query-input":{"@type":"PropertyValueSpecification","valueRequired":true,"valueName":"search_term_string"}}],"inLanguage":"pt-BR"}]}},"_links":{"self":[{"href":"https:\/\/wpt-kvry.186-209-113-107.cpanel.site\/index.php?rest_route=\/wp\/v2\/pages\/2458","targetHints":{"allow":["GET"]}}],"collection":[{"href":"https:\/\/wpt-kvry.186-209-113-107.cpanel.site\/index.php?rest_route=\/wp\/v2\/pages"}],"about":[{"href":"https:\/\/wpt-kvry.186-209-113-107.cpanel.site\/index.php?rest_route=\/wp\/v2\/types\/page"}],"author":[{"embeddable":true,"href":"https:\/\/wpt-kvry.186-209-113-107.cpanel.site\/index.php?rest_route=\/wp\/v2\/users\/1"}],"replies":[{"embeddable":true,"href":"https:\/\/wpt-kvry.186-209-113-107.cpanel.site\/index.php?rest_route=%2Fwp%2Fv2%2Fcomments&post=2458"}],"version-history":[{"count":7,"href":"https:\/\/wpt-kvry.186-209-113-107.cpanel.site\/index.php?rest_route=\/wp\/v2\/pages\/2458\/revisions"}],"predecessor-version":[{"id":3138,"href":"https:\/\/wpt-kvry.186-209-113-107.cpanel.site\/index.php?rest_route=\/wp\/v2\/pages\/2458\/revisions\/3138"}],"wp:attachment":[{"href":"https:\/\/wpt-kvry.186-209-113-107.cpanel.site\/index.php?rest_route=%2Fwp%2Fv2%2Fmedia&parent=2458"}],"curies":[{"name":"wp","href":"https:\/\/api.w.org\/{rel}","templated":true}]}}